{"id":1254,"date":"2024-01-03T22:38:16","date_gmt":"2024-01-04T01:38:16","guid":{"rendered":"https:\/\/excuargentina.com\/?page_id=1254"},"modified":"2024-01-03T22:42:30","modified_gmt":"2024-01-04T01:42:30","slug":"politicas-de-cancelacion","status":"publish","type":"page","link":"https:\/\/excuargentina.com\/index.php\/politicas-de-cancelacion\/","title":{"rendered":"Politicas de cancelacion"},"content":{"rendered":"\t\t<div data-elementor-type=\"wp-page\" data-elementor-id=\"1254\" class=\"elementor elementor-1254\">\n\t\t\t\t\t\t\t\t\t<section class=\"elementor-section elementor-top-section elementor-element elementor-element-ca31131 elementor-section-boxed elementor-section-height-default elementor-section-height-default\" data-id=\"ca31131\" data-element_type=\"section\" data-settings=\"{&quot;background_background&quot;:&quot;classic&quot;}\">\n\t\t\t\t\t\t<div class=\"elementor-container elementor-column-gap-default\">\n\t\t\t\t\t<div class=\"elementor-column elementor-col-100 elementor-top-column elementor-element elementor-element-7cb9c8b\" data-id=\"7cb9c8b\" data-element_type=\"column\">\n\t\t\t<div class=\"elementor-widget-wrap elementor-element-populated\">\n\t\t\t\t\t\t\t\t<div class=\"elementor-element elementor-element-fefeac5 elementor-widget elementor-widget-spacer\" data-id=\"fefeac5\" data-element_type=\"widget\" data-widget_type=\"spacer.default\">\n\t\t\t\t<div class=\"elementor-widget-container\">\n\t\t\t<style>\/*! elementor - v3.15.0 - 09-08-2023 *\/\n.elementor-column .elementor-spacer-inner{height:var(--spacer-size)}.e-con{--container-widget-width:100%}.e-con-inner>.elementor-widget-spacer,.e-con>.elementor-widget-spacer{width:var(--container-widget-width,var(--spacer-size));--align-self:var(--container-widget-align-self,initial);--flex-shrink:0}.e-con-inner>.elementor-widget-spacer>.elementor-widget-container,.e-con-inner>.elementor-widget-spacer>.elementor-widget-container>.elementor-spacer,.e-con>.elementor-widget-spacer>.elementor-widget-container,.e-con>.elementor-widget-spacer>.elementor-widget-container>.elementor-spacer{height:100%}.e-con-inner>.elementor-widget-spacer>.elementor-widget-container>.elementor-spacer>.elementor-spacer-inner,.e-con>.elementor-widget-spacer>.elementor-widget-container>.elementor-spacer>.elementor-spacer-inner{height:var(--container-widget-height,var(--spacer-size))}<\/style>\t\t<div class=\"elementor-spacer\">\n\t\t\t<div class=\"elementor-spacer-inner\"><\/div>\n\t\t<\/div>\n\t\t\t\t<\/div>\n\t\t\t\t<\/div>\n\t\t\t\t<div class=\"elementor-element elementor-element-579fceb elementor-widget elementor-widget-heading\" data-id=\"579fceb\" data-element_type=\"widget\" data-widget_type=\"heading.default\">\n\t\t\t\t<div class=\"elementor-widget-container\">\n\t\t\t<style>\/*! elementor - v3.15.0 - 09-08-2023 *\/\n.elementor-heading-title{padding:0;margin:0;line-height:1}.elementor-widget-heading .elementor-heading-title[class*=elementor-size-]>a{color:inherit;font-size:inherit;line-height:inherit}.elementor-widget-heading .elementor-heading-title.elementor-size-small{font-size:15px}.elementor-widget-heading .elementor-heading-title.elementor-size-medium{font-size:19px}.elementor-widget-heading .elementor-heading-title.elementor-size-large{font-size:29px}.elementor-widget-heading .elementor-heading-title.elementor-size-xl{font-size:39px}.elementor-widget-heading .elementor-heading-title.elementor-size-xxl{font-size:59px}<\/style><h2 class=\"elementor-heading-title elementor-size-default\">P\u00d3LITICAS DE CANCELACI\u00d3N <\/h2>\t\t<\/div>\n\t\t\t\t<\/div>\n\t\t\t\t<div class=\"elementor-element elementor-element-296b958 elementor-widget elementor-widget-text-editor\" data-id=\"296b958\" data-element_type=\"widget\" data-widget_type=\"text-editor.default\">\n\t\t\t\t<div class=\"elementor-widget-container\">\n\t\t\t<style>\/*! elementor - v3.15.0 - 09-08-2023 *\/\n.elementor-widget-text-editor.elementor-drop-cap-view-stacked .elementor-drop-cap{background-color:#69727d;color:#fff}.elementor-widget-text-editor.elementor-drop-cap-view-framed .elementor-drop-cap{color:#69727d;border:3px solid;background-color:transparent}.elementor-widget-text-editor:not(.elementor-drop-cap-view-default) .elementor-drop-cap{margin-top:8px}.elementor-widget-text-editor:not(.elementor-drop-cap-view-default) .elementor-drop-cap-letter{width:1em;height:1em}.elementor-widget-text-editor .elementor-drop-cap{float:left;text-align:center;line-height:1;font-size:50px}.elementor-widget-text-editor .elementor-drop-cap-letter{display:inline-block}<\/style>\t\t\t\t<p><span style=\"color: #ffffff;\">CONDICIONES GENERALES<\/span><br \/><span style=\"color: #ffffff;\">Formas de Pago Tarjetas\/Efectivo\/Transferencia bancaria o dep\u00f3sito \/ Mercado Pago (la forma de pago var\u00eda seg\u00fan el servicio que se quiera contratar).<\/span><br \/><span style=\"color: #ffffff;\">LAS TARIFAS INCLUYEN:<\/span><br \/><span style=\"color: #ffffff;\">Lo que se indique en el voucher de servicios una vez hecha la contrataci\u00f3n de un servicio.<\/span><br \/><span style=\"color: #ffffff;\">LAS TARIFAS NO INCLUYEN:<\/span><br \/><span style=\"color: #ffffff;\">Lavado o planchado de ropa, llamadas telef\u00f3nicas, tasas de embarque, entradas a parques y ning\u00fan tipo de servicios extras que no se indiquen en su voucher.<\/span><br \/><span style=\"color: #ffffff;\">TRANSPORTE:<\/span><br \/><span style=\"color: #ffffff;\">Servicio especificado en el ticket de viaje. En caso de los servicios de ESCAPADAS o CHARTER La Empresa se reserva el derecho de alterar la fecha de salida si no se llegara a un m\u00ednimo de grupo y\/o brindar servicio regular sin coordinador. Menores de edad deben contar con autorizaci\u00f3n de padres o tutores para viajar.<\/span><br \/><span style=\"color: #ffffff;\">HOTELER\u00cdA :<\/span><br \/><span style=\"color: #ffffff;\">La empresa garantiza la categor\u00eda en el alojamiento de los hoteles solicitados durante el periodo estipulado.<\/span><br \/><span style=\"color: #ffffff;\">DOCUMENTACI\u00d3N:<\/span><br \/><span style=\"color: #ffffff;\">La empresa declara expl\u00edcitamente que es exclusiva responsabilidad de los pasajeros la presentaci\u00f3n de la documentaci\u00f3n necesaria para la realizaci\u00f3n del viaje o cualquier tipo de requerimientos , como por ejemplo vacunas o requerimientos por COVID-19 y variantes.<\/span><br \/><span style=\"color: #ffffff;\">La no iniciaci\u00f3n del viaje o interrupci\u00f3n del mismo en cualquier punto del itinerario, ser\u00e1 considerado anulaci\u00f3n voluntaria por parte del pasajero , por lo tanto NO tendr\u00e1 derecho a reembolso por la suma abonada, quedando exclusivamente por cuenta del pasajero situaci\u00f3n o gastos ocasionados ante el inconveniente.<\/span><br \/><span style=\"color: #ffffff;\">VARIACIONES:<\/span><br \/><span style=\"color: #ffffff;\">La empresa EXCU ARGENTINA EVT se reserva el derecho de realizar alteraciones parciales o totales de los viajes y\/o excursiones, por casos fortuitos o de fuerza mayor para as\u00ed brindar un mejor servicio.<\/span><br \/><span style=\"color: #ffffff;\">En caso de programas que incluyan transporte hotel con salidas programadas, las mismas podr\u00e1n ser postergadas o suspendidas si no se completa el cupo m\u00ednimo de pasajeros necesario para el normal cumplimiento del tour.<\/span><br \/><span style=\"color: #ffffff;\">RESPONSABILIDAD:<\/span><br \/><span style=\"color: #ffffff;\">La Empresa EXCU ARGENTINA EVT declina toda responsabilidad por da\u00f1os y\/o accidentes y las consecuencias que pueda sufrir, ya sea por propios o terceros, como as\u00ed tambi\u00e9n por la perdida, deterioro o sustracci\u00f3n de equipaje, el cual viaja a su exclusivo cuidado; atrasos o ampliaciones de horarios, condiciones atmosf\u00e9ricas, cat\u00e1strofes naturales, decisiones gubernamentales , actos de terrorismo, etc.<\/span><br \/><span style=\"color: #ffffff;\">La Empresa declara expl\u00edcitamente que act\u00faa exclusivamente en car\u00e1cter de intermediario entre los pasajeros y los distintos prestatarios de los servicios componentes del Tour como ser: Compa\u00f1\u00eda Transportadora, empresas locales de servicios tur\u00edsticos, hoteles, restaurantes, gu\u00edas, etc., los cuales han sido contratados para brindar los servicios ofrecidos y por lo tanto declina toda responsabilidad por tales servicios en lo respecta a deficiencias o incumplimiento parcial o total en el desarrollo de los mismos.<\/span><br \/><span style=\"color: #ffffff;\">CANCELACIONES:<\/span><br \/><span style=\"color: #ffffff;\">Toda cancelaci\u00f3n de servicio contratado en EXCU ARGENTINA EVT no tendr\u00e1 devoluci\u00f3n alguna de saldo, sabiendo esto no tendr\u00e1 derecho a reclamo alguno.<\/span><br \/><span style=\"color: #ffffff;\">DE CONOCIMIENTO DEL PASAJERO:<\/span><br \/><span style=\"color: #ffffff;\">El simple acto de &#8220;reserva&#8221; de cualquier servicio tur\u00edstico que provea la Empresa &#8220;EXCU ARGENTINA&#8221; EVT implica total conocimiento de todas y cada una de estas condiciones descritas anteriormente.<\/span><\/p>\t\t\t\t\t\t<\/div>\n\t\t\t\t<\/div>\n\t\t\t\t\t<\/div>\n\t\t<\/div>\n\t\t\t\t\t\t\t<\/div>\n\t\t<\/section>\n\t\t\t\t\t\t\t<\/div>\n\t\t","protected":false},"excerpt":{"rendered":"<p>P\u00d3LITICAS DE CANCELACI\u00d3N CONDICIONES GENERALESFormas de Pago Tarjetas\/Efectivo\/Transferencia bancaria o dep\u00f3sito \/ Mercado Pago (la forma de pago var\u00eda seg\u00fan el servicio que se quiera contratar).LAS TARIFAS INCLUYEN:Lo que se indique en el voucher de servicios una vez hecha la contrataci\u00f3n de un servicio.LAS TARIFAS NO INCLUYEN:Lavado o planchado de ropa, llamadas telef\u00f3nicas, tasas de [&hellip;]<\/p>\n","protected":false},"author":1,"featured_media":0,"parent":0,"menu_order":0,"comment_status":"closed","ping_status":"closed","template":"elementor_canvas","meta":{"footnotes":"","_joinchat":[]},"_links":{"self":[{"href":"https:\/\/excuargentina.com\/index.php\/wp-json\/wp\/v2\/pages\/1254"}],"collection":[{"href":"https:\/\/excuargentina.com\/index.php\/wp-json\/wp\/v2\/pages"}],"about":[{"href":"https:\/\/excuargentina.com\/index.php\/wp-json\/wp\/v2\/types\/page"}],"author":[{"embeddable":true,"href":"https:\/\/excuargentina.com\/index.php\/wp-json\/wp\/v2\/users\/1"}],"replies":[{"embeddable":true,"href":"https:\/\/excuargentina.com\/index.php\/wp-json\/wp\/v2\/comments?post=1254"}],"version-history":[{"count":4,"href":"https:\/\/excuargentina.com\/index.php\/wp-json\/wp\/v2\/pages\/1254\/revisions"}],"predecessor-version":[{"id":1261,"href":"https:\/\/excuargentina.com\/index.php\/wp-json\/wp\/v2\/pages\/1254\/revisions\/1261"}],"wp:attachment":[{"href":"https:\/\/excuargentina.com\/index.php\/wp-json\/wp\/v2\/media?parent=1254"}],"curies":[{"name":"wp","href":"https:\/\/api.w.org\/{rel}","templated":true}]}}